 divisor of o and 90.
10
Suppose -7*m + 10*m = 33. Suppose 0 = -3*b + 4*z + 364 - 51, 4*b - 3*z - 408 = 0. Calculate the greatest common factor of b and m.
11
Let f = 20 - 9. Calculate the highest common divisor of 88 and f.
11
Let k(m) = m**3 - 4*m**2 + 7*m - 4. Let r be k(5). Let n(j) = -7*j. Let b be n(2). Let f = -7 - b. Calculate the greatest common factor of f and r.
7
Suppose -5*n + 17 = -4*j, 4*n - 12 = -3*j + 14. Suppose 4*s - 5 = -3*g + 17, -2*s + 12 = j*g. What is the highest common factor of 2 and g?
2
Let h be -2*((-3)/(-2))/(-1). Let v be h/5*(5 - 0). Suppose 4*p - l = 178, -v*p + 141 = -2*l + 5*l. What is the highest common factor of 15 and p?
15
Suppose -15 = -4*x - 5*c, 4*c + 12 + 8 = 0. What is the highest common divisor of x and 10?
10
Let c be 2/6 - (-429)/9. Suppose -4*a + 44 = 2*n, 2*n - 5*a - c + 13 = 0. Calculate the greatest common divisor of n and 220.
20
Let p(i) = 23*i + 1. Let q be p(1). Calculate the greatest common divisor of 12 and q.
12
Let g be 13 - (-6 + 1 + 2). Calculate the greatest common divisor of g and 40.
8
Suppose 2*a = -3*c + 24, -3*c + 33 = -a + 4*a. What is the greatest common divisor of 54 and a?
9
Let n be ((-30)/20)/((-6)/40). Let r be (0 + -1 - -2) + 3. Suppose -2 + 10 = r*y. Calculate the highest common factor of n and y.
2
Suppose 0 = 5*x - 93 - 57. Suppose -10*r = -13*r + x. What is the highest common divisor of r and 4?
2
Let g be (-7 - -6)/((-1)/(-3)). Let p = g + 10. Calculate the greatest common factor of 42 and p.
7
Suppose -3 + 5 = i. Let w(y) be the first derivative of 6*y**3 - 5. Let x be w(i). Calculate the greatest common factor of x and 24.
24
Let x be 1/(-2)*6 - 15. Let w = x + 31. What is the greatest common divisor of 52 and w?
13
Suppose 3*x - 1 = 5. Suppose 0*p - 23 = 5*p + 2*w, 2*w + x = 2*p. Let g be 1*p - (5 - 20). What is the greatest common divisor of 108 and g?
12
Suppose 3*p = -p + 4. Let u be (-2 + -4)*-1 + p. Suppose -5*c + 247 = u. Calculate the greatest common divisor of c and 32.
16
Let z = 0 + 11. Suppose 35 - z = 3*u. What is the greatest common divisor of u and 8?
8
Let t be 3 + (-1)/2*-6. What is the highest common divisor of 6 and t?
6
Let k(q) = -2*q**3 + 13*q**2 - 6*q + 15. Let i be k(6). Calculate the highest common divisor of 6 and i.
3
Let k be 4*(0 + 3 + -1). Let c(p) = -3*p**2 + 2*p - 6. Let g be c(4). Let h = -30 - g. What is the greatest common divisor of k and h?
8
Let w be -2 + (0 - -2) - -4. Suppose k - w*k = -3. What is the greatest common factor of k and 1?
1
Let o be 1/(1/(-2)) + 254. What is the greatest common divisor of o and 28?
28
Let u = 2 - 5. Let a be 24/2*(-28)/u. What is the highest common factor of 16 and a?
16
Let a = 3 + -5. Let f be (-1 + -1)*(-3)/a. Let r = f - -25. Calculate the greatest common divisor of 11 and r.
11
Let y = -32 + 44. Calculate the highest common divisor of 60 and y.
12
Suppose -4*x + 375 = 35. What is the highest common factor of 34 and x?
17
Let w(b) = -b + 5. Let c(q) = -3*q + 10. Let f(z) = -2*c(z) + 5*w(z). Let x be f(11). Calculate the highest common divisor of x and 16.
16
Let l(h) = h**3 - h**2 - 4*h + 1. Let g be l(3). Suppose -135 = g*o - 12*o. Let q = -7 - -10. What is the highest common factor of o and q?
3
Suppose 2*y + 3*y - 3*j - 555 = 0, -83 = -y - 5*j. What is the highest common factor of y and 12?
12
Let w = 8 - 2. Let g = w + 24. Calculate the greatest common factor of g and 10.
10
Suppose -190*w = -186*w - 64. What is the highest common factor of 6 and w?
2
Let n = -5 - -16. Suppose -5*w + 31 = -19. Let v(o) = 4*o + 4. Let l be v(w). What is the greatest common factor of l and n?
11
Let h be (-17*1)/(1*(-5 - -4)). Calculate the greatest common factor of 102 and h.
17
Let y = -26 + 36. Let h be (6/y)/((-4)/(-60)). Calculate the greatest common factor of h and 99.
9
Let b be 3 - (2 - (1 + 0)). Suppose b*w + 3 = -5, 421 = 5*v - 4*w. What is the highest common factor of v and 9?
9
Let f be (19 - 2) + (2 - (7 + -2)). What is the greatest common factor of f and 14?
14
Let q(w) = -w**2 - 6*w + 2. Let v be q(-4). What is the greatest common divisor of 70 and v?
10
Let m = 15 - 9. Suppose 0 = -3*o + 8*o - 15. Suppose -2*s + 0*y + 11 = -5*y, -34 = -o*s + 4*y. What is the greatest common factor of m and s?
6
Let p(o) = -5*o + o**2 + 11*o + o + 0*o**2 - 6. Let u be p(-10). What is the greatest common factor of 16 and u?
8
Let u = -88 - -102. Calculate the greatest common divisor of u and 63.
7
Let x be (-5)/(-2 + (-1)/(-1)). Suppose 2*k - x*o = 33, -3*k - o + 40 = o. Calculate the highest common divisor of k and 98.
14
Let y(s) = -s**3 - 6*s**2 - 5*s + 7. Let q be y(-5). Let k(v) = v**3 - 5*v**2 - 10*v. Let a be k(q). What is the highest common factor of a and 42?
14
Let v = 8 + 2. Calculate the highest common divisor of 30 and v.
10
Let t(p) = -p**2 - 7*p - 5. Let n be t(-5). Suppose q = -3*q + 4. What is the highest common factor of n and q?
1
Let t = 18 + -4. What is the greatest common factor of 42 and t?
14
Let k(m) = 61*m**2 - 2*m + 1. Let c(o) = o**2 + 5*o. Let n be c(-4). Let z = n + 5. Let p be k(z). What is the highest common factor of 15 and p?
15
Let z = -138 + 154. Calculate the greatest common divisor of z and 56.
8
Let i(u) = 0*u + 5*u - 6 - u. Let c be i(6). Let q(y) = -y**2 - 6*y + 7. Let j be q(-5). Calculate the highest common factor of c and j.
6
Let p be (-27 - -9)*(-30)/4. Let a(s) = 15*s. Let f be a(1). Calculate the highest common factor of p and f.
15
Suppose 3*x + 4*b = -x, -2*b = -3*x + 20. What is the highest common factor of 20 and x?
4
Let s = 27 - -1. Let p be 1/(16/14 + -1). Calculate the greatest common factor of s and p.
7
Suppose -21 = -3*b + 21. What is the highest common divisor of b and 4?
2
Suppose -3*j = 3*w - 141, 5*j = -4*w - 54 + 284. Calculate the greatest common divisor of 7 and j.
7
Let i be -1 - (2 + -3 + -3). Suppose -2*j - i*u = -21, 3*j - 2*j + u = 11. Calculate the greatest common factor of 132 and j.
12
Suppose -5*r - 4*i = -319, -2*r - 2*i + 122 = -6*i. Let z(o) = o - 1. Let x be z(-6). Let w = 14 + x. Calculate the highest common divisor of r and w.
7
Suppose 84 = 6*w - 2*w. Let u = w + -1. Suppose 180 = 2*i - i. Calculate the highest common factor of i and u.
20
Let c(h) = 6*h - 28. Let t be c(8). Calculate the highest common factor of 220 and t.
20
Let w = -36 - 32. Let a = -44 - w. What is the highest common factor of a and 36?
12
Suppose -3*t = -0*t - 75. Suppose j = 196 + t. Suppose -5*n + 79 = -j. What is the highest common factor of 24 and n?
12
Let s = 26 - 18. Let v(x) = 2*x + 1. Let u be v(7). Let g = u + 1. Calculate the highest common factor of g and s.
8
Let w be 218/(-10) + (-1)/5. Let f = 6 - w. Suppose 3*c + 5 + 3 = -5*p, c - 4*p = 20. Calculate the highest common divisor of c and f.
4
Suppose -g = 2*g - 3. Let w(r) = 15*r**3 + 2*r**2 - 2*r + 1. Let i be w(g). What is the highest common divisor of i and 8?
8
Suppose 3*d - 74 - 33 = -4*p, 3*p - 81 = -3*d. Calculate the highest common factor of p and 286.
26
Let c(w) = -27*w + 1. Let v be c(-1). Let x be v/(1 - 3/6). Suppose 0 = 5*g - 17 - 3, -78 = -5*q - 2*g. What is the greatest common factor of x and q?
14
Suppose 4*h - 104 = 688. Calculate the highest common divisor of 22 and h.
22
Let v be (-1113)/(-42) + 1/(-2). Calculate the greatest common divisor of v and 39.
13
Suppose -h + 2*d = -0*h - 50, 0 = h - 4*d - 56. Let c(r) = 6*r - 1. Let v be c(2). Calculate the greatest common factor of h and v.
11
Suppose -v - 6*v + 21 = 0. Calculate the greatest common divisor of 39 and v.
3
Let w = 7 - 2. Suppose -w*s + 20 = -0. Suppose s*v - 4 = 36. Calculate the highest common factor of 5 and v.
5
Let n be (-9120)/(-138) - 6/69. Calculate the highest common factor of 264 and n.
66
Let o be (7/((-105)/20))/(2/(-9)). Calculate the highest common divisor of o and 12.
6
Let q be ((-9)/(-6))/(7/56). Calculate the greatest common divisor of 12 and q.
12
Suppose o + 2*o + 6 = 0. Let k(q) = -q**3 + q - 1. Let w be k(o). Let j = 105 - 60. What is the greatest common divisor of w and j?
5
Let m(l) = 3*l**2 - l - 1. Let f be m(-2). What is the greatest common factor of 65 and f?
13
Let q = -31 + 52. Suppose -q = -5*w + 74. What is the greatest common divisor of 95 and w?
19
Suppose g + 12 = -4*m, -m